424?
13
What is the greatest common factor of 887222 and 176646?
998
Calculate the highest common factor of 39446088 and 264.
264
Calculate the greatest common divisor of 706988055 and 642.
321
Calculate the highest common factor of 2423634 and 1537137.
8133
Calculate the highest common factor of 258 and 9873789.
129
What is the greatest common divisor of 79962 and 1284?
6
Calculate the greatest common factor of 84 and 3100044.
12
Calculate the greatest common factor of 20255677 and 13.
13
Calculate the greatest common factor of 217500 and 2919720.
1740
Calculate the greatest common factor of 451 and 515821.
41
Calculate the highest common factor of 5596298707 and 10957.
10957
Calculate the greatest common factor of 172 and 135378104.
172
What is the greatest common factor of 72 and 6184338?
6
Calculate the highest common factor of 7437730 and 7930.
610
What is the highest common factor of 672329 and 68698?
49
Calculate the greatest common factor of 31588 and 121370.
106
Calculate the greatest common factor of 14045392 and 40.
8
What is the greatest common divisor of 11665997 and 121602?
1559
What is the highest common divisor of 25543 and 29254033?
3649
Calculate the greatest common divisor of 1076 and 1868.
4
Calculate the greatest common factor of 221 and 208975169.
221
What is the greatest common divisor of 873475 and 75?
25
What is the greatest common divisor of 48953461 and 141?
47
What is the highest common divisor of 32815803 and 98187?
4269
What is the greatest common divisor of 31558027 and 1217?
1217
What is the greatest common divisor of 1352939832 and 2448?
1224
Calculate the greatest common divisor of 3230185 and 893647.
2251
What is the highest common factor of 2502 and 5287143?
417
Calculate the highest common divisor of 681688 and 882.
98
Calculate the greatest common factor of 1 and 6445981.
1
Calculate the greatest common factor of 11888 and 74231644.
2972
Calculate the highest common factor of 4605678 and 14.
14
Calculate the greatest common divisor of 1228399248 and 5776.
5776
Calculate the greatest common divisor of 444300 and 300.
300
Calculate the greatest common factor of 3405 and 2819113.
227
What is the greatest common divisor of 37466741 and 13?
13
What is the greatest common divisor of 1372952 and 70?
14
What is the highest common divisor of 20 and 97618120?
20
Calculate the highest common divisor of 40 and 72936.
8
Calculate the highest common divisor of 126380 and 5751.
71
Calculate the highest common factor of 10450 and 11258830.
2090
What is the greatest common divisor of 5157 and 1804086?
27
Calculate the greatest common divisor of 34 and 5233603.
17
Calculate the greatest common factor of 1598 and 72141710.
1598
Calculate the greatest common factor of 15771866 and 36784.
242
Calculate the greatest common factor of 62902 and 2716.
14
What is the highest common divisor of 574308 and 3904404?
4452
What is the highest common factor of 161131 and 29321?
269
Calculate the greatest common divisor of 894 and 7730418.
894
Calculate the highest common factor of 7224 and 640411212.
3612
What is the highest common factor of 80 and 12524510?
10
Calculate the greatest common factor of 22952016 and 336.
48
Calculate the greatest common factor of 3913 and 10931804.
559
What is the greatest common divisor of 37592 and 286004?
508
Calculate the greatest common divisor of 2544 and 140609.
53
What is the greatest common divisor of 2 and 107266?
2
Calculate the greatest common divisor of 929448 and 117234.
702
What is the greatest common divisor of 13 and 69156165?
13
What is the greatest common divisor of 326637688 and 6136?
6136
Calculate the greatest common factor of 862891 and 76153.
23
Calculate the greatest common divisor of 417 and 714172409.
139
What is the greatest common factor of 1125084 and 192516?
732
What is the highest common factor of 266 and 1264618397?
133
What is the highest common factor of 748 and 8846596?
748
Calculate the highest common divisor of 403796 and 2813.
29
What is the highest common factor of 1422985 and 850?
85
What is the greatest common factor of 136 and 473342084?
68
Calculate the highest common divisor of 288 and 19166112.
288
Calculate the highest common factor of 350942112 and 1080.
216
What is the highest common factor of 6105436 and 2502?
278
Calculate the greatest common factor of 31408 and 2028.
52
What is the greatest common factor of 216 and 1068312?
24
Calculate the greatest common factor of 905833930 and 15599.
15599
Calculate the greatest common divisor of 13490 and 671305.
355
Calculate the highest common factor of 449599 and 1272.
53
Calculate the greatest common divisor of 1075 and 90284305.
215
Calculate the highest common factor of 94 and 1226888.
94
Calculate the greatest common divisor of 17996 and 897556.
44
Calculate the greatest common factor of 1417 and 1040962.
13
What is the highest common factor of 5577155 and 460?
115
Calculate the greatest common factor of 41552 and 24592.
848
Calculate the greatest common divisor of 25802 and 1434727.
679
Calculate the highest common divisor of 592 and 3698742.
74
What is the highest common factor of 434508 and 228?
12
Calculate the highest common divisor of 63185 and 19080.
5
What is the greatest common factor of 15680 and 54220?
20
What is the greatest common factor of 27750 and 5593500?
750
What is the greatest common factor of 4669 and 124262999?
203
What is the greatest common factor of 68039734 and 392?
98
Calculate the greatest common divisor of 45 and 6642576.
9
What is the highest common divisor of 251558330 and 10?
10
Calculate the greatest common divisor of 41258763 and 504.
63
What is the greatest common divisor of 5607807 and 306?
51
What is the greatest common divisor of 4672225 and 150?
25
Calculate the highest common divisor of 145262 and 3094.
26
What is the greatest common divisor of 18404 and 578656?
428
Calculate the greatest common factor of 990 and 124364295.
495
What is the highest common factor of 221730 and 157035?
285
Calculate the greatest common factor of 6851 and 90389.
221
Calculate the greatest common divisor of 477 and 37241934.
159
Calculate the highest common divisor of 3232 and 261893.
101
What is the highest common factor of 117 and 918486?
9
Calculate the highest common divisor of 16283 and 5514795.
857
Calculate the greatest common divisor of 1125984 and 12876.
444
Calculate the greatest common factor of 10606446 and 228.
114
What is the highest common divisor of 552 and 222872208?
552
Calculate the greatest common factor of 7308527 and 35313.
79
What is the highest common divisor of 78588 and 1289268?
2124
What is the greatest common divisor of 18 and 42950394?
18
What is the highest common factor of 82068784 and 2576?
2576
What is the greatest common factor of 100073 and 497743?
437
What is the highest common factor of 784440 and 250200?
360
Calculate the greatest common divisor of 594891 and 12771.
297
Calculate the highest common divisor of 5755176 and 240597.
1197
What is the highest common factor of 20 and 1265338510?
10
What is the highest common divisor of 756 and 1615992?
84
Calculate the greatest common factor of 69081 and 2049.
3
What is the highest common divisor of 687 and 125300785?
229
Calculate the highest common factor of 57 and 664394109.
57
Calculate the highest common factor of 600 and 637866240.
120
What is the greatest common factor of 35584 and 420892?
556
What is the greatest common factor of 906 and 130640217?
453
What is the greatest common divisor of 30807780 and 78690?
1290
What is the greatest common divisor of 287202414 and 326?
326
Calculate the greatest common factor of 698 and 88184273.
349
What is the highest common factor of 22244 and 4785282?
166
What is the greatest common factor of 223232583 and 147?
147
Calculate the highest common divisor of 280235 and 237185.
205
Calculate the highest common factor of 630305368 and 308.
308
Calculate the highest common divisor of 13062 and 35677920.
1866
Calculate the highest common divisor of 1852240 and 72.
8
Calculate the greatest common factor of 16446 and 14046.
6
Calculate the greatest common factor of 60586 and 10.
2
Calculate the highest common divisor of 873933 and 76881.
1569
What is the greatest common d